0. Is c composite?
False
Let r be 1 - (3 + 4 + -6). Suppose 2*s = a - r*s - 622, 4 = -4*s. Let d = a + -369. Is d prime?
True
Suppose 4*y + 19 = 3*g - 152, -3*y - 62 = -g. Is g composite?
False
Let v be ((-360)/1)/((105/(-50))/(-7)). Suppose -4*y - 6742 = -2*d, 4*y - 5*d + 1672 = 3*y. Let n = v - y. Is n a prime number?
True
Let a(d) = -d - 12. Let q be a(-13). Let r be 414 + (-2)/(3 - q). Let h = r + 256. Is h a composite number?
True
Suppose 1 = 5*r - 2*s - 17, -3*r = -3*s - 18. Suppose -b - 1549 = -2*b + r*l, 4*l - 3074 = -2*b. Is b a composite number?
False
Suppose 814846 = 36*b - 524318. Is b a composite number?
False
Let a = -99 + 141. Suppose 360 = 2*p + a. Is p composite?
True
Let u = -53511 + 77980. Is u composite?
False
Let r = -18 - -46. Let l = r + -24. Is 2/l*(279 + 11) a composite number?
True
Suppose -5*v + 43984 = -3*n, -6*v = -v + 5*n - 43960. Is v prime?
False
Suppose -4110 - 14964 = -6*c. Suppose -c = -2*b - l, 5*b - 7970 = l + 4*l. Is b a composite number?
True
Suppose -10*o = -344075 - 500895. Is o composite?
True
Suppose 0 = 2*y - 3*y. Let r(i) = i + 2. Let b be r(y). Suppose b*n - 5*n + 111 = 0. Is n prime?
True
Suppose -62*s - 4890866 + 15471352 = 0. Is s a composite number?
True
Let u = -15 - -17. Suppose -4*i + 5*l - u*l = -1421, -2*l - 6 = 0. Let w = 116 + i. Is w prime?
False
Suppose -2*i = -4*s + 3*s + 2155, 4*s + i = 8611. Is s composite?
False
Suppose 2*f + 3*q - 254 = -72, 2*q = 2*f - 172. Suppose 0 = -4*o - 8, 2*a - 2*o + 2 = 2*o. Let s = a + f. Is s a composite number?
False
Let p(s) = 635*s**3 - 2*s**2 + s + 1. Let n be p(1). Suppose -5*a - 150 = -n. Is a composite?
False
Let r(g) = g**2 + 5*g - 1. Suppose -4*d - 24 = -0*d. Let w be r(d). Suppose 1683 = w*u - 2*q, 2*u + 323 = 3*u + 3*q. Is u a prime number?
False
Suppose -4*u - 5*n + n = -876, -5*u - 4*n + 1097 = 0. Let r = u + 78. Is r a prime number?
False
Let s = 38865 - 19658. Is s a composite number?
False
Suppose 5*g - 4133 = 14972. Is g a prime number?
True
Let c(k) = -104*k + 19. Let q(t) = -9*t**3 + t**2. Let b be q(1). Is c(b) composite?
True
Let a be (3/(-9))/((-1)/9). Is 787 - (a + 0 + -5) composite?
True
Suppose 16*h = 22*h. Suppose 6*q - 9*q + 606 = h. Is q a composite number?
True
Let y(d) = 2*d**2 - 6*d - 4. Let h be y(4). Let x be 0 + -3 + 0 + h. Is 1/((-2172)/2174 + x) a composite number?
False
Let w(k) = 95*k - 7. Let n(c) = 96*c - 7. Let v(d) = -3*n(d) + 4*w(d). Let f be 0 + -10*(-5)/25. Is v(f) prime?
False
Let p(d) = -173*d - 46. Is p(-7) composite?
True
Let h = 36 + -33. Let u = 26 - h. Is u composite?
False
Let l be ((-27)/(-6))/9*-48. Let f = l - -26. Suppose f*y - 84 = -4*c, -3*c + 6*y - y + 63 = 0. Is c a composite number?
True
Let i(c) = c + 4. Let q(u) = -2*u - 8. Let n(j) = -11*i(j) - 6*q(j). Let t be n(-4). Suppose 2*m - 1170 = -2*v, t*m + v - 2334 = -4*m. Is m prime?
False
Let o(r) = 727*r**2 - 8*r + 20. Is o(5) a prime number?
False
Let b(p) = -p**2 + 4*p. Let x be b(3). Let i be 0/(1 - -2) + x. Suppose -i*t + 42 + 135 = 0. Is t a composite number?
False
Let n = -94 - -97. Suppose 3*s - 2994 = -f, -n*s - 5*f = -2*s - 1012. Is s a composite number?
False
Suppose 0 = 2*l - 2*u + 58, -3*u = -3*l + u - 89. Is ((-12)/l)/2 - 55310/(-18) a prime number?
False
Suppose 2*x - 63 - 3019 = 0. Is x prime?
False
Suppose -57 = -9*i + 51. Is 8/(-2)*(-291)/i a prime number?
True
Let y = -6872 + 11966. Is y/42 - 4/14 a composite number?
True
Let q(a) = -1501*a**3 - 3*a**2 - 2*a + 1. Let s be q(-2). Suppose 0*b - 2*i - s = -3*b, -2*b = 5*i - 8007. Is b a prime number?
True
Suppose -2*s = l - 3313, 11 = -3*l + 8. Is s a composite number?
False
Let q(p) = -p**3 + 11*p**2 + 13*p - 14. Let i be q(12). Let u(k) = 96*k**2 - 3*k - 8. Is u(i) prime?
False
Suppose -f + 3*w + 7 = 2*w, -3*f + w = -11. Suppose 4*s = 10 + f. Is s prime?
True
Let z(m) = 539*m + 8. Let b(o) = 540*o + 7. Let h(s) = 6*b(s) - 5*z(s). Let d be h(-1). Let y = -286 - d. Is y composite?
False
Let v(y) = y**2 + 230. Let m be v(0). Let o = 63 + m. Let g = o + -184. Is g a prime number?
True
Suppose -3*d + 609 = -3*i, -18 + 14 = 2*i. Is d prime?
False
Suppose 5*d = 5*s, 4*s + 4 = -3*d - 17. Let f = s - -86. Is f a prime number?
True
Suppose 2*h + 5*x - 21 = 0, -3*x = -5*h - 4*x + 18. Let v = 16 - h. Is v prime?
True
Suppose l = -5*l + 858. Is l prime?
False
Suppose 11 - 66 = -5*d. Let h(m) = -m**3 + 13*m**2 + 15*m - 16. Let g be h(14). Is g/d + 4245/55 composite?
True
Let k(j) = 4*j**3 + 2*j**2 - 1. Let p be k(1). Suppose 0*f + 33 = p*f + 2*q, 3*q - 25 = -4*f. Is 1141/2*4/f a prime number?
False
Let v be -3 + 6 + (2 - 5). Suppose -227 = -p - v*p. Suppose 3*r - p = 10. Is r composite?
False
Suppose -5*k + 6860 = -5*f, -5*k + 2185 + 4672 = -4*f. Is k composite?
True
Let m(q) = -149*q + 52951. Is m(0) prime?
True
Suppose -26*w = 67344 - 292426. Is w prime?
False
Let a = 9384 + 17855. Is a a composite number?
False
Let d(m) = m**3 - 38*m**2 + 19*m + 429. Is d(50) prime?
True
Suppose 5*v + 2*y - 24 = 0, -2*v = -3*y + 7*y - 16. Is (10/105*7)/(v/2694) a prime number?
True
Let r = -112939 + 159378. Is r prime?
True
Let r(w) = 2209*w**2 - 8*w - 13. Is r(-4) composite?
False
Let x(h) = h**3 + 31*h**2 + 64*h + 23. Let d be 4/30 + (-3920)/150. Is x(d) composite?
True
Suppose 3*m - 660 - 4791 = 0. Is m a composite number?
True
Suppose -2*y = -37 + 33. Suppose -3*u + 7*u + y*s - 3262 = 0, 4*s = 4. Is u prime?
False
Let t = -14 + 27. Let l = -9 + t. Suppose l*g + 105 = 701. Is g composite?
False
Let k = 76 - 58. Let g(j) = j**2 - 11*j - 5. Is g(k) composite?
True
Suppose -9*q + 60 = -12*q. Let u = 65 - q. Is u prime?
False
Let i = 8562 + 1639. Is i prime?
False
Let s = 1290 + -254. Suppose s = o + 335. Is o composite?
False
Let v = -2 - -5. Let t(m) = 236*m - 13. Let z be t(3). Suppose 0 = -2*k + 3*o - 258 + z, v*o = 4*k - 859. Is k a prime number?
True
Let g(h) = 200*h**2 + h + 97. Is g(-8) a prime number?
True
Suppose 72 = 2*y + 2*y. Let a be (-9)/(y/44)*-13. Let v = a + -75. Is v a prime number?
True
Let q = -38 + 41. Is 1915/4 + q/96*8 a prime number?
True
Let g be -4 + (4450 - (-4)/(-1)). Is ((g/3)/(2/(-6)))/(-2) a prime number?
True
Suppose -4*y = -3*p + 8*p + 20, p + 25 = -5*y. Let o be (y - -4 - 3) + 13. Suppose -4*l - n + 33 + o = 0, l - 4*n - 19 = 0. Is l prime?
True
Suppose -5*h = 5*u - 165880, -5*h - 4*u = -71731 - 94144. Is h a composite number?
True
Let o be (-854)/(-8) + 6/(-8). Is 60/(-4)*o/(-6) composite?
True
Let g = 30 + -27. Let m(r) = 57*r**2 - 7*r + 7. Let u(q) = -113*q**2 + 15*q - 14. Let x(l) = 13*m(l) + 6*u(l). Is x(g) prime?
True
Let r = 0 - -13. Let x = 11 - r. Is 7*38 + (x - -3) prime?
False
Is ((-5)/(10/(-4)) - 5) + 6764 composite?
False
Let h = 569 - 374. Suppose 193 + h = 2*v. Is v composite?
True
Let t(i) = -4*i**2 - 4*i + 34. Let a be t(-8). Suppose -2*r - 214 = 2*x, -5*r = -3*r - 8. Let j = x - a. Is j composite?
False
Let i(w) = -3*w**3 - 3*w**2 - 8*w + 9. Is i(-4) a composite number?
True
Suppose 10 = -4*s - s. Is 1*s - (-579 + -5 + -1) composite?
True
Let o(p) be the second derivative of 8*p - 5/6*p**3 + 0 + 1/5*p**5 - 3*p**2 - 1/2*p**4. Is o(5) a prime number?
False
Let f(s) = 40*s**2 - s + 1. Suppose 5*l + i + 12 = 2*i, 3*i = l + 8. Is f(l) prime?
True
Is 17/238 + (-94890)/(-28) a composite number?
False
Suppose -33 = -4*g + 51. Let d = g + -16. Let r(o) = 2*o**3 + 7*o**2 - o + 2. Is r(d) prime?
False
Let m(w) = w**3 + 21*w**2 + 7*w + 31. Suppose 30*v - 27*v + 54 = 0. Is m(v) a composite number?
False
Suppose -4*t - 101*w + 98*w + 38927 = 0, -t = 2*w - 9733. Is t prime?
False
Let k = -79 + 73. Is k/(-18) + 45544/6 prime?
True
Suppose -132*j - 11192 = -140*j. Is j a composite number?
False
Let v be 1/((6/(-9))/(-2)). Suppose -h = -v*j + 3*h - 20, -j + h - 5 = 0. Is (j - 526)/(-3 - -1) a composite number?
False
Suppose 9520 = -10*g + 5*g. Let t = -1231 - g. Is t a prime number?
True
Suppose 0 = -4*i - 1 + 9. Suppose 3*m + 2*v = 3*v + 113, 2*m + i*v - 62 = 0. Is -2 + m - (2 - -1) a composite number?
False
Is 6 + 1/(6*3/49266) a prime number?
False
Suppose 24*r = 4*b + 27*r - 31592, -2*r + 39497 = 5*b. Is b a composite number?
False
Let g be ((-10)/4)/(11/264). Let a = -43 - g. Suppose -5*b + a = -798. Is b a composite number?
False
Let g be (19/(-4) - 1)*-32. L